git of s(-5)?
2
Let o(s) = 4*s - 6. Let x be 484/33*(-18)/4. Let a = x + 72. What is the units digit of o(a)?
8
Suppose 3*c - 4*a = -63982, 0 = -47*c + 49*c - 2*a + 42658. What is the hundreds digit of c/(-30) - 42/315?
7
Let o = 707 - 685. Let i(q) = 19*q - 207. What is the hundreds digit of i(o)?
2
Suppose -17 + 53 = 12*x. Suppose x*o - 10 = -2*o, -1774 = -d + 3*o. What is the units digit of d?
0
Suppose -4*q - r = -587, -205 = -4*q + 5*r + 364. Let j = q - -65. What is the hundreds digit of j?
2
Suppose 0 = 41*f - 33*f - 12888. Let l = f + -1146. What is the hundreds digit of l?
4
Let g be 8/36 + (-20)/9. Let o = -118 - -119. What is the units digit of ((-1548)/24)/(o/g)?
9
Suppose -80*r = -42*r - 49*r + 23265. What is the thousands digit of r?
2
Let m be (-58)/(-6) - ((-210)/(-18) - 12). What is the hundreds digit of (12/m)/(2/535 + 0)?
3
Let q = -878 - -1670. Suppose 10*u - q + 2 = 0. What is the tens digit of u?
7
Let i(d) = 30*d**3 - 6*d**2 + 30*d - 14. What is the hundreds digit of i(7)?
1
Let o(q) = -6*q + 2. Let j(x) = x**2 + 17*x - 7. Let r(t) = t - 1. Let f(a) = j(a) - 6*r(a). Let v be f(-10). What is the tens digit of o(v)?
6
Suppose -30333 = -a + t, 14744 = -a + 5*t + 45077. What is the ten thousands digit of a?
3
Suppose -4*t - 334*v = -336*v - 26446, -2*v = 4*t - 26442. What is the tens digit of t?
1
Suppose 0 = 11164*i - 11319*i + 4365420. What is the tens digit of i?
6
Suppose i + 5*l = -2, i - 5 = 5*l + 3. Let m be (-18)/4*((-56)/(-24) - i). Suppose -5*w - g + 475 = 0, m*w = 4*g - 2*g + 285. What is the units digit of w?
5
Let f = -130 - -132. Suppose -n + 460 = -3*b, 17*b - 12*b = -f*n + 920. What is the units digit of n?
0
Suppose 5*r + q - 10711 = 0, -2*r = -2*q - 1422 - 2872. Suppose z = -4*z + 2*a + r, 3*a = 3. What is the hundreds digit of z?
4
Let v(r) = -263*r**3 + 6*r**2 + 7. What is the hundreds digit of v(-2)?
1
Let l(t) = 65*t**2 - 7*t + 3. Let m(d) = 98*d**2 - 10*d + 5. Let f be 225/(-33) - 4/22. Let i(y) = f*l(y) + 5*m(y). What is the tens digit of i(2)?
4
Suppose -3*s - 5*x + 256363 - 38767 = 33489, 0 = -5*x. What is the thousands digit of s?
1
Suppose 4275 = 2*t + 3*k - 2*k, -2*t + 4285 = -k. Suppose 0 = 21*n + t - 10057. What is the tens digit of n?
7
Let w = 617 + -613. Suppose -w*u = -7125 + 2377. What is the units digit of u?
7
Let k(r) = 6*r**2 + r - 2. Suppose -4*w - 30 = -26. Let o be k(w). Suppose 0 = -o*i - 0*i + 303. What is the units digit of i?
1
Let d(v) = -8*v**2 - 5*v**3 - 23 + 27 + 2*v**3 + 2*v**3. Let t be d(-8). Suppose -3*j = 4*q - 373, 0 = -t*q - 14 - 6. What is the units digit of j?
1
Let d = -9321 - -12199. What is the tens digit of d?
7
Let r = 24 + -11. Let y be (r/14 - 12/28)*-4. What is the tens digit of 1/y + 462/4?
1
Let k = 873 - 578. Let q = k - 232. What is the tens digit of q?
6
What is the hundreds digit of ((-51960)/(-32) + -6)*(-16)/(-6)?
3
Suppose 3*t - 3*r - 14949 = 0, -4*r = 2*t - 10009 + 73. What is the thousands digit of t?
4
Let x = 11019 + 6024. What is the tens digit of x?
4
Suppose 1626 = -4*z - 2*z. Let v = 475 + z. Suppose 2*r = -p + 92, 3*p = -2*r + 488 - v. What is the units digit of p?
6
Let s be (-66)/12*-2*74. Let i = s + -290. What is the tens digit of i?
2
Let x = 468 + -1025. Let j = 624 + x. What is the tens digit of j?
6
Suppose -3*o - 4*t - 8 = 0, 15*o + 2 = 11*o - t. Suppose a + 1320 = 5*b, 3*b + a + 2*a - 792 = o. What is the tens digit of b?
6
Let d(b) = -28*b**3 + 4*b**2 - 11*b + 77. What is the tens digit of d(-7)?
5
Let u(p) = -11303*p - 1984. What is the tens digit of u(-1)?
1
Let l(d) = -1443*d**3 - 2*d**2 + 2*d + 4. What is the hundreds digit of l(-2)?
5
Let n = 760 - 728. What is the tens digit of (-9206)/(-8) - (280/n)/(-7)?
5
Let f = -75 + 76. Suppose -16*s = -f - 15. What is the hundreds digit of (-4 - s) + (-699)/(-3)?
2
Let f = 105 - 119. Let j(z) = -12*z + 95. What is the hundreds digit of j(f)?
2
Let a(n) = n**3 - 43*n**2 - 333*n - 89. What is the thousands digit of a(55)?
7
Let q be 3037/3 + (98/(-21))/(-7). Let g = -110 + q. What is the tens digit of g?
0
Let x = 55 + 6. Suppose -x + 55 = -2*t. What is the tens digit of -2 + t - (-5*35 + 0)?
7
Suppose 2*r + 12 = 6*r + 5*y, -2*r + 6 = -3*y. Suppose r*i - 5*p + 9 = -0*p, 22 = 5*i + 4*p. What is the hundreds digit of (i - 6)/2 - (-6 - 205)?
2
Suppose 4*h + 4*i - 42644 = 0, -391*h = -396*h - 3*i + 53303. What is the tens digit of h?
6
Let k(s) = 14*s**2 + 2*s + 1. Let w be k(-2). Let q = w + 21. Suppose -i + 2*m = -154 - q, 5*m + 924 = 4*i. What is the tens digit of i?
3
Let z(q) = 25*q + 37. Let r be z(-30). Let b = -136 - r. What is the units digit of b?
7
Let l(s) = -s**3 + 70*s**2 - 4*s - 20. What is the ten thousands digit of l(14)?
1
Let s = 4368 + -3035. What is the tens digit of s?
3
Let p(t) = 3546*t - 2663. What is the tens digit of p(13)?
3
Let u(k) = k**2 - 22*k - 81. Let v be u(25). What is the tens digit of (-155)/v - 25/(-150)?
2
Let g(u) = -76 + u**3 - u + u**2 + 46 + 44. Let d be g(0). Suppose d*o - 3*o = 2992. What is the units digit of o?
2
Let o(a) = -27*a**2 - 111*a + 149. Let j(v) = -5*v**2 - 22*v + 30. Let t(f) = 11*j(f) - 2*o(f). What is the units digit of t(-21)?
1
Suppose -2*q + 2*a + 513 = 3*a, -q + 273 = -5*a. Let z = 456 - q. What is the units digit of 2*1*z/4*1?
9
Suppose 5*y + 588 = y. Let i be 30*(1596/30)/7. Let h = y + i. What is the units digit of h?
1
Let z = -2863 - -3936. What is the hundreds digit of z?
0
Let h = 691 + -977. Let o = h + 376. What is the units digit of o?
0
Let y be 2/8*9*24/(-9). Let k(t) = -210*t + 301. What is the thousands digit of k(y)?
1
Let u be ((-6)/(-21))/(8/448*4). Suppose 4 = u*o, -11*r + 4*o - 218 = -13*r. What is the hundreds digit of r?
1
Suppose -93*t + 327140 = 4*l - 90*t, -5*l - 3*t = -408931. What is the tens digit of l?
9
Suppose -i + 5*g + 1463 = 197, -5*i + 6378 = -g. Suppose -15028 + i = -18*m. What is the units digit of m?
4
Let a be ((35/42)/5)/((-3)/(-18)). What is the tens digit of 468/a + (-48)/6?
6
Let f be (-40)/24 + (-2112)/(-9). Suppose -2*t + 81 + f = 0. What is the units digit of t?
7
Suppose 7*h + 44230 = 12*h + 3*r, -26542 = -3*h - r. What is the units digit of h?
9
Let q(v) = 12*v + 30. Let k(x) = 36*x + 89. Let p(t) = 4*k(t) - 11*q(t). Let s(f) = -10*f - 6. Let c be s(-1). What is the units digit of p(c)?
4
Let r = 196 - 203. What is the tens digit of (-256*((-42)/4)/r)/(-1)?
8
Suppose -76*a = -71*a + 2*w - 28757, -5*w = -5*a + 28785. What is the units digit of a?
3
Let q = -32 + 35. Suppose -5*y = 5*l - 280, 4*l = q - 19. Suppose y = t - 0. What is the tens digit of t?
6
Suppose 0*t = s - t - 3, -3*s + 25 = 5*t. Suppose -4*g = 3*z - 396, 5*g - 61 = -s*z + 604. What is the hundreds digit of z?
1
Suppose -507 - 521 = -4*b. Let w be 183/1*(45 - 46). Let h = w + b. What is the tens digit of h?
7
Suppose 0 = -552*l + 572*l - 67800. What is the units digit of l?
0
Let r = -142 + 143. Suppose 0 = -2*m + 4*b - 10, -5*m - 5*b + 22 = -28. What is the units digit of (r + (-273)/(-15))*m?
6
Let s(v) = 2*v**3 + 7*v**2 - v + 7. Let y be s(-4). Let u(z) = 14*z**2 + 6*z - 11. What is the hundreds digit of u(y)?
3
Let d be 6 + 1/(-7) + 140/(-49). Suppose 2164 = 4*a + d*y, -a + y - 4*y + 532 = 0. What is the tens digit of a?
4
Let s(c) = c - 4. Let g be s(6). Suppose -2*w - 31 = -5*t, -5*w + g*w = 5*t - 16. What is the tens digit of (-438)/(-5) - (w + (-13)/(-5))?
8
Let u be (10 - -5)*(5 - 4). Let m be (-1)/(3/(-9) - u/(-36)). Let x(t) = -16*t - 44. What is the units digit of x(m)?
8
Suppose 0 = -x + 4, -4*f = -7*f + 5*x + 18703. What is the thousands digit of f?
6
What is the hundreds digit of (-5428)/(-708) - (-184012)/3?
3
Suppose -20*p = -15*p - 20. Suppose o - h = -3*o + 2866, -p*h = 3*o - 2159. What is the tens digit of o?
1
Let c = 57 - 56. Let x be (100/c)/(-6*1/(-9)). Suppose 5*v + x = 6*v. What is the hundreds digit of v?
1
Suppose 3*t + 54180 = 9*t - 38136. What is the tens digit of t?
8
Suppose 4*f + 5*y = -14, -4*f = -2*y + 5*y + 10. Suppose 0 = 3*u - 0*u + 69. Let h = f - u. What is the tens digit of h?
2
What is the ten thousands digit of (2 - 24/48)*60980/6?
1
What is the units digit of (-4)/(-24)*-2 - ((-533280)/36 - -4)?
9
Let o(m) = -5*m**3 + 2*m**2 + 9*m + 7. Let i be o(-1). Suppose -i*n =